{"id":625,"date":"2017-09-04T13:00:19","date_gmt":"2017-09-04T16:00:19","guid":{"rendered":"https:\/\/www.estadios.net\/mineirao\/?page_id=625"},"modified":"2018-02-14T14:05:16","modified_gmt":"2018-02-14T16:05:16","slug":"como-chegar-no-estadio-do-mineirao","status":"publish","type":"page","link":"https:\/\/www.estadios.net\/mineirao\/como-chegar-no-estadio-do-mineirao\/","title":{"rendered":"Como Chegar no Est\u00e1dio do Mineir\u00e3o"},"content":{"rendered":"<p>O <strong>Est\u00e1dio Governador Magalh\u00e3es Pinto<\/strong>, mais conhecido como Mineir\u00e3o, \u00e9 um est\u00e1dio de futebol localizado em Belo Horizonte, Minas Gerais, Brasil. O est\u00e1dio \u00e9 parte do <em>Conjunto Arquitet\u00f4nico da Pampulha<\/em>, projetado por Oscar Niemeyer sob encomenda do prefeito Juscelino Kubitschek e constru\u00eddo entre 1942 e 1944.<\/p>\n<p>O Mineir\u00e3o conta com 4.020 vagas para os torcedores. S\u00e3o 2.800 no estacionamento da Minas Arena, 900 no Mineirinho, 230 na Avenida Abrah\u00e3o Caram ( Sentido Ant\u00f4nio Carlos \u2013 Mineir\u00e3o ), al\u00e9m de 90 para vans e micro-\u00f4nibus. Mesmo como esse n\u00famero de vagas, a prioridade da BHTRANS \u00e9 incentivar o uso do transporte coletivo.<\/p>\n<h2>Jogo no Mineir\u00e3o Hoje<\/h2>\n<p>Torcedores que forem ao Mineir\u00e3o para qualquer dia de jogo, poder\u00e3o contar com diversos meios de transportes, ent\u00e3o confira dicas de como chegar e como usufruir da estrutura preparada em dias de jogo e fa\u00e7a a sua escolha:<\/p>\n<p><strong>Estacionamento<br \/>\n<\/strong>O estacionamento interno do Mineir\u00e3o conta com 2.800 vagas, gerenciada pela Minas Arena. Agentes de tr\u00e2nsito ir\u00e3o informar sobre a lota\u00e7\u00e3o.<\/p>\n<p>Segue abaixo o n\u00famero de vagas a serem ofertadas no entorno do Mineir\u00e3o:<\/p>\n<ul>\n<li>Vagas para ve\u00edculos particulares: 522<\/li>\n<li>Vagas para T\u00e1xi: 35<\/li>\n<li>Vagas para ve\u00edculos de lanche r\u00e1pido: 13<\/li>\n<li>Vagas para viaturas PMMG: 14<\/li>\n<li>Vagas para viaturas BHTRANS: 05<\/li>\n<li>Vagas para o transporte coletivo: 04<\/li>\n<\/ul>\n<p><strong>Bicicletas<br \/>\n<\/strong>A Minas Arena disponibiliza dois biciclet\u00e1rios, um na Esplanada Sul, na entrada da Avenida Carlos Luz, e outro no Estacionamento G1 coberto, ap\u00f3s entrada pela Avenida Ant\u00f4nio Abrah\u00e3o Caram. S\u00e3o 98 vagas e n\u00e3o h\u00e1 cobran\u00e7a pela utiliza\u00e7\u00e3o.<\/p>\n<p>Para o bom funcionamento no entorno do Mineir\u00e3o, \u00e9 fundamental a participa\u00e7\u00e3o de todos, motoristas e pedestres, respeitando a sinaliza\u00e7\u00e3o implantada durante a opera\u00e7\u00e3o e as orienta\u00e7\u00f5es dos agentes de tr\u00e2nsito.<\/p>\n<p><strong>Vagas Torcedores<\/strong><\/p>\n<ul>\n<li>Avenida Cel. Oscar Paschoal, pr\u00f3ximo \u00e0 Portaria do Centro Esportivo Universit\u00e1rio \u2013 CEU \u2013 pista externa e paralela ao canteiro central;<\/li>\n<li>Avenida Cel. Oscar Paschoal, pr\u00f3xima \u00e0 portaria do Centro Esportivo Universit\u00e1rio \u2013 CEU \u2013 pista interna paralela a cal\u00e7ada do est\u00e1dio;<\/li>\n<li>Avenida Cel. Oscar Paschoal, no canteiro central, pr\u00f3ximo a rotat\u00f3ria da Av. Otac\u00edlio Negr\u00e3o de Lima;<\/li>\n<li>Avenida Presidente Carlos Luz, entre Avenida Cel. Oscar Paschoal e entrada do estacionamento da UFMG \u2013 na pista externa paralela ao passeio da UFMG;<\/li>\n<li>Avenida C entre a entrada e sa\u00edda do estacionamento da UFMG \u2013 na pista externa paralela ao passeio da UFMG;<\/li>\n<li>Avenida C entre a entrada e sa\u00edda do estacionamento da UFMG \u2013 na pista interna em ambos os lados;<\/li>\n<li>Avenida C entre a sa\u00edda do estacionamento da UFMG e a sa\u00edda do estacionamento G1 do est\u00e1dio \u2013 na pista externa, em ambos os lados;<\/li>\n<li>Avenida Ant\u00f4nio Abrah\u00e3o Caram com Avenida Cel. Oscar Paschoal (pr\u00f3ximo Mineirinho) \u2013 na pista interna em ambos os lados;<\/li>\n<li>Avenida Ant\u00f4nio Abrah\u00e3o Caram, da portaria da UFMG at\u00e9 pr\u00f3ximo ao Viaduto Jos\u00e9 de Alencar \u2013 no lado direito, sentido Mineir\u00e3o\/Ant\u00f4nio Carlos.<\/li>\n<li>Para vans e fretados em dia de jogos na Avenida Ant\u00f4nio Abrah\u00e3o Caram, da Avenida C at\u00e9 portaria da UFMG \u2013 no lado direito, sentido Mineir\u00e3o\/Ant\u00f4nio Carlos.<\/li>\n<\/ul>\n<p><strong>Pontos de t\u00e1xi<br \/>\n<\/strong>S\u00e3o tr\u00eas pontos de t\u00e1xi:<\/p>\n<ul>\n<li>Avenida Ant\u00f4nio Abrah\u00e3o Caram com Avenida Cel. Oscar Paschoal (pr\u00f3ximo Mineirinho);<\/li>\n<li>Avenida Cel. Oscar Paschoal, pr\u00f3ximo ao Hall Principal;<\/li>\n<li>Avenida C (pr\u00f3ximo \u00e0 \u00e1rea de lanches).<\/li>\n<\/ul>\n<p><strong>Estacionamento de ve\u00edculos de Idosos e Pessoas com Defici\u00eancia<\/strong><\/p>\n<ul>\n<li>Avenida Cel. Oscar Paschoal com Avenida Ant\u00f4nio Abrah\u00e3o Caram.<\/li>\n<\/ul>\n<p><strong>Terminais de \u00f4nibus (MOVE)<\/strong><\/p>\n<ul>\n<li>Avenida C com Avenida Ant\u00f4nio Abrah\u00e3o Caram.<\/li>\n<\/ul>\n<p><strong>Outras linhas do transporte coletivo<br \/>\n<\/strong>Al\u00e9m do servi\u00e7o especial, as seguintes linhas do transporte coletivo tamb\u00e9m atendem o entorno do Mineir\u00e3o:<\/p>\n<ul>\n<li>Linha MOVE 51 (Esta\u00e7\u00e3o Pampulha\/ Centro\/ Hospitais &#8211; Paradora)<\/li>\n<li>Linha MOVE 63 (Esta\u00e7\u00e3o Venda Nova\/ Lagoinha)<\/li>\n<li>Linha MOVE 64 (Esta\u00e7\u00e3o Venda Nova\/ Assembleia via Carlos Luz)<\/li>\n<li>Linha MOVE 5250 (Esta\u00e7\u00e3o Pampulha\/ Bet\u00e2nia)<\/li>\n<li>Linha MOVE 6350 (Esta\u00e7\u00e3o Vilarinho\/ Esta\u00e7\u00e3o Barreiro Via Anel)<\/li>\n<li>5106 \u2013 (Bandeirantes\/ BH Shopping)<\/li>\n<li>5401 (S\u00e3o Luiz\/ Dom Cabral)<\/li>\n<li>Circulares 503 e 504 (Santa Rosa\/ Aparecida\/ S\u00e3o Lu\u00eds)<\/li>\n<li>Suplementares 53 (Confisco\/ Pampulha\/ S\u00e3o Gabriel), 54 (Dom Bosco\/ Shopping Del Rey).<\/li>\n<\/ul>\n<p><img loading=\"lazy\" decoding=\"async\" class=\"size-full wp-image-1173 alignleft\" src=\"https:\/\/www.estadios.net\/mineirao\/wp-content\/uploads\/2017\/09\/logo-onibus.jpg\" alt=\"\" width=\"125\" height=\"137\" \/><\/p>\n<p>&nbsp;<\/p>\n<p><a href=\"http:\/\/www.bhtrans.pbh.gov.br\" target=\"_blank\" rel=\"noopener nofollow\">Clique aqui<\/a> para calcular a melhor rota de \u00f4nibus<br \/>\npara chegar at\u00e9 o Est\u00e1dio do Mineir\u00e3o.<\/p>\n<p>&nbsp;<\/p>\n<p>&nbsp;<\/p>\n<p><img loading=\"lazy\" decoding=\"async\" class=\"size-full wp-image-1174 alignleft\" src=\"https:\/\/www.estadios.net\/mineirao\/wp-content\/uploads\/2017\/09\/logo-carro.jpg\" alt=\"\" width=\"125\" height=\"125\" \/><br \/>\nPretende ir de carro? O Mineir\u00e3o conta com<br \/>\ndiversos estacionamentos. Na Minas Arena,<br \/>\nMineirinho e outros.<\/p>\n<p>&nbsp;<\/p>\n<h2><\/h2>\n","protected":false},"excerpt":{"rendered":"<p>O Est\u00e1dio Governador Magalh\u00e3es Pinto, mais conhecido como Mineir\u00e3o, \u00e9 um est\u00e1dio de futebol localizado em Belo Horizonte, Minas Gerais, Brasil. O est\u00e1dio \u00e9 parte do Conjunto Arquitet\u00f4nico da Pampulha, projetado por Oscar Niemeyer sob encomenda do prefeito Juscelino Kubitschek e constru\u00eddo entre 1942 e 1944. O Mineir\u00e3o conta com 4.020 vagas para os torcedores. [&hellip;]<\/p>\n","protected":false},"author":1,"featured_media":0,"parent":0,"menu_order":0,"comment_status":"closed","ping_status":"closed","template":"","meta":{"footnotes":""},"class_list":["post-625","page","type-page","status-publish","hentry"],"yoast_head":"<!-- This site is optimized with the Yoast SEO plugin v25.8 - https:\/\/yoast.com\/wordpress\/plugins\/seo\/ -->\n<title>Como Chegar no Est\u00e1dio do Mineir\u00e3o<\/title>\n<meta name=\"description\" content=\"Jogo no Mineir\u00e3o hoje? Veja rotas e op\u00e7\u00f5es de transportes para ir ao Est\u00e1dio Mineir\u00e3o de Belo Horizonte. \u00d4nibus ou carro, conhe\u00e7a as melhores formas!\" \/>\n<meta name=\"robots\" content=\"index, follow, max-snippet:-1, max-image-preview:large, max-video-preview:-1\" \/>\n<link rel=\"canonical\" href=\"https:\/\/www.estadios.net\/mineirao\/como-chegar-no-estadio-do-mineirao\/\" \/>\n<meta property=\"og:locale\" content=\"pt_BR\" \/>\n<meta property=\"og:type\" content=\"article\" \/>\n<meta property=\"og:title\" content=\"Como Chegar no Est\u00e1dio do Mineir\u00e3o\" \/>\n<meta property=\"og:description\" content=\"Jogo no Mineir\u00e3o hoje? Veja rotas e op\u00e7\u00f5es de transportes para ir ao Est\u00e1dio Mineir\u00e3o de Belo Horizonte. \u00d4nibus ou carro, conhe\u00e7a as melhores formas!\" \/>\n<meta property=\"og:url\" content=\"https:\/\/www.estadios.net\/mineirao\/como-chegar-no-estadio-do-mineirao\/\" \/>\n<meta property=\"og:site_name\" content=\"Est\u00e1dio do Mineir\u00e3o\" \/>\n<meta property=\"article:modified_time\" content=\"2018-02-14T16:05:16+00:00\" \/>\n<meta property=\"og:image\" content=\"https:\/\/www.estadios.net\/mineirao\/wp-content\/uploads\/2017\/09\/logo-onibus.jpg\" \/>\n<meta name=\"twitter:card\" content=\"summary_large_image\" \/>\n<meta name=\"twitter:label1\" content=\"Est. tempo de leitura\" \/>\n\t<meta name=\"twitter:data1\" content=\"4 minutos\" \/>\n<script type=\"application\/ld+json\" class=\"yoast-schema-graph\">{\"@context\":\"https:\/\/schema.org\",\"@graph\":[{\"@type\":\"WebPage\",\"@id\":\"https:\/\/www.estadios.net\/mineirao\/como-chegar-no-estadio-do-mineirao\/\",\"url\":\"https:\/\/www.estadios.net\/mineirao\/como-chegar-no-estadio-do-mineirao\/\",\"name\":\"Como Chegar no Est\u00e1dio do Mineir\u00e3o\",\"isPartOf\":{\"@id\":\"https:\/\/www.estadios.net\/mineirao\/#website\"},\"primaryImageOfPage\":{\"@id\":\"https:\/\/www.estadios.net\/mineirao\/como-chegar-no-estadio-do-mineirao\/#primaryimage\"},\"image\":{\"@id\":\"https:\/\/www.estadios.net\/mineirao\/como-chegar-no-estadio-do-mineirao\/#primaryimage\"},\"thumbnailUrl\":\"https:\/\/www.estadios.net\/mineirao\/wp-content\/uploads\/2017\/09\/logo-onibus.jpg\",\"datePublished\":\"2017-09-04T16:00:19+00:00\",\"dateModified\":\"2018-02-14T16:05:16+00:00\",\"description\":\"Jogo no Mineir\u00e3o hoje? Veja rotas e op\u00e7\u00f5es de transportes para ir ao Est\u00e1dio Mineir\u00e3o de Belo Horizonte. \u00d4nibus ou carro, conhe\u00e7a as melhores formas!\",\"breadcrumb\":{\"@id\":\"https:\/\/www.estadios.net\/mineirao\/como-chegar-no-estadio-do-mineirao\/#breadcrumb\"},\"inLanguage\":\"pt-BR\",\"potentialAction\":[{\"@type\":\"ReadAction\",\"target\":[\"https:\/\/www.estadios.net\/mineirao\/como-chegar-no-estadio-do-mineirao\/\"]}]},{\"@type\":\"ImageObject\",\"inLanguage\":\"pt-BR\",\"@id\":\"https:\/\/www.estadios.net\/mineirao\/como-chegar-no-estadio-do-mineirao\/#primaryimage\",\"url\":\"\",\"contentUrl\":\"\"},{\"@type\":\"BreadcrumbList\",\"@id\":\"https:\/\/www.estadios.net\/mineirao\/como-chegar-no-estadio-do-mineirao\/#breadcrumb\",\"itemListElement\":[{\"@type\":\"ListItem\",\"position\":1,\"name\":\"In\u00edcio\",\"item\":\"https:\/\/www.estadios.net\/mineirao\/\"},{\"@type\":\"ListItem\",\"position\":2,\"name\":\"Como Chegar no Est\u00e1dio do Mineir\u00e3o\"}]},{\"@type\":\"WebSite\",\"@id\":\"https:\/\/www.estadios.net\/mineirao\/#website\",\"url\":\"https:\/\/www.estadios.net\/mineirao\/\",\"name\":\"Est\u00e1dio do Mineir\u00e3o\",\"description\":\"Est\u00e1dio do Mineir\u00e3o\",\"potentialAction\":[{\"@type\":\"SearchAction\",\"target\":{\"@type\":\"EntryPoint\",\"urlTemplate\":\"https:\/\/www.estadios.net\/mineirao\/?s={search_term_string}\"},\"query-input\":{\"@type\":\"PropertyValueSpecification\",\"valueRequired\":true,\"valueName\":\"search_term_string\"}}],\"inLanguage\":\"pt-BR\"}]}<\/script>\n<!-- \/ Yoast SEO plugin. -->","yoast_head_json":{"title":"Como Chegar no Est\u00e1dio do Mineir\u00e3o","description":"Jogo no Mineir\u00e3o hoje? Veja rotas e op\u00e7\u00f5es de transportes para ir ao Est\u00e1dio Mineir\u00e3o de Belo Horizonte. \u00d4nibus ou carro, conhe\u00e7a as melhores formas!","robots":{"index":"index","follow":"follow","max-snippet":"max-snippet:-1","max-image-preview":"max-image-preview:large","max-video-preview":"max-video-preview:-1"},"canonical":"https:\/\/www.estadios.net\/mineirao\/como-chegar-no-estadio-do-mineirao\/","og_locale":"pt_BR","og_type":"article","og_title":"Como Chegar no Est\u00e1dio do Mineir\u00e3o","og_description":"Jogo no Mineir\u00e3o hoje? Veja rotas e op\u00e7\u00f5es de transportes para ir ao Est\u00e1dio Mineir\u00e3o de Belo Horizonte. \u00d4nibus ou carro, conhe\u00e7a as melhores formas!","og_url":"https:\/\/www.estadios.net\/mineirao\/como-chegar-no-estadio-do-mineirao\/","og_site_name":"Est\u00e1dio do Mineir\u00e3o","article_modified_time":"2018-02-14T16:05:16+00:00","og_image":[{"url":"https:\/\/www.estadios.net\/mineirao\/wp-content\/uploads\/2017\/09\/logo-onibus.jpg","type":"","width":"","height":""}],"twitter_card":"summary_large_image","twitter_misc":{"Est. tempo de leitura":"4 minutos"},"schema":{"@context":"https:\/\/schema.org","@graph":[{"@type":"WebPage","@id":"https:\/\/www.estadios.net\/mineirao\/como-chegar-no-estadio-do-mineirao\/","url":"https:\/\/www.estadios.net\/mineirao\/como-chegar-no-estadio-do-mineirao\/","name":"Como Chegar no Est\u00e1dio do Mineir\u00e3o","isPartOf":{"@id":"https:\/\/www.estadios.net\/mineirao\/#website"},"primaryImageOfPage":{"@id":"https:\/\/www.estadios.net\/mineirao\/como-chegar-no-estadio-do-mineirao\/#primaryimage"},"image":{"@id":"https:\/\/www.estadios.net\/mineirao\/como-chegar-no-estadio-do-mineirao\/#primaryimage"},"thumbnailUrl":"https:\/\/www.estadios.net\/mineirao\/wp-content\/uploads\/2017\/09\/logo-onibus.jpg","datePublished":"2017-09-04T16:00:19+00:00","dateModified":"2018-02-14T16:05:16+00:00","description":"Jogo no Mineir\u00e3o hoje? Veja rotas e op\u00e7\u00f5es de transportes para ir ao Est\u00e1dio Mineir\u00e3o de Belo Horizonte. \u00d4nibus ou carro, conhe\u00e7a as melhores formas!","breadcrumb":{"@id":"https:\/\/www.estadios.net\/mineirao\/como-chegar-no-estadio-do-mineirao\/#breadcrumb"},"inLanguage":"pt-BR","potentialAction":[{"@type":"ReadAction","target":["https:\/\/www.estadios.net\/mineirao\/como-chegar-no-estadio-do-mineirao\/"]}]},{"@type":"ImageObject","inLanguage":"pt-BR","@id":"https:\/\/www.estadios.net\/mineirao\/como-chegar-no-estadio-do-mineirao\/#primaryimage","url":"","contentUrl":""},{"@type":"BreadcrumbList","@id":"https:\/\/www.estadios.net\/mineirao\/como-chegar-no-estadio-do-mineirao\/#breadcrumb","itemListElement":[{"@type":"ListItem","position":1,"name":"In\u00edcio","item":"https:\/\/www.estadios.net\/mineirao\/"},{"@type":"ListItem","position":2,"name":"Como Chegar no Est\u00e1dio do Mineir\u00e3o"}]},{"@type":"WebSite","@id":"https:\/\/www.estadios.net\/mineirao\/#website","url":"https:\/\/www.estadios.net\/mineirao\/","name":"Est\u00e1dio do Mineir\u00e3o","description":"Est\u00e1dio do Mineir\u00e3o","potentialAction":[{"@type":"SearchAction","target":{"@type":"EntryPoint","urlTemplate":"https:\/\/www.estadios.net\/mineirao\/?s={search_term_string}"},"query-input":{"@type":"PropertyValueSpecification","valueRequired":true,"valueName":"search_term_string"}}],"inLanguage":"pt-BR"}]}},"_links":{"self":[{"href":"https:\/\/www.estadios.net\/mineirao\/wp-json\/wp\/v2\/pages\/625","targetHints":{"allow":["GET"]}}],"collection":[{"href":"https:\/\/www.estadios.net\/mineirao\/wp-json\/wp\/v2\/pages"}],"about":[{"href":"https:\/\/www.estadios.net\/mineirao\/wp-json\/wp\/v2\/types\/page"}],"author":[{"embeddable":true,"href":"https:\/\/www.estadios.net\/mineirao\/wp-json\/wp\/v2\/users\/1"}],"replies":[{"embeddable":true,"href":"https:\/\/www.estadios.net\/mineirao\/wp-json\/wp\/v2\/comments?post=625"}],"version-history":[{"count":0,"href":"https:\/\/www.estadios.net\/mineirao\/wp-json\/wp\/v2\/pages\/625\/revisions"}],"wp:attachment":[{"href":"https:\/\/www.estadios.net\/mineirao\/wp-json\/wp\/v2\/media?parent=625"}],"curies":[{"name":"wp","href":"https:\/\/api.w.org\/{rel}","templated":true}]}}